 + 25 = 38*f. What is the remainder when l is divided by ((-391)/(-51))/(-2 + f/(-6))?
21
Let z be 0/59 + (-1)/((-1)/4). Suppose -2*r + z*t + 210 = r, -r - t = -77. What is the remainder when r is divided by 14?
4
What is the remainder when 106 is divided by (33/(-11))/((-5)/30)?
16
Let r(w) = w**3 - 94*w**2 + 96*w - 225. Suppose 4*q = 2*l - 3*l - 4, 2*q = l + 10. Let m = l - -23. Calculate the remainder when r(93) is divided by m.
9
Let c(y) = -y**3 + 15*y**2 + 18*y + 11. Let o(b) = -b**2 + 16. Let m be o(0). Calculate the remainder when c(m) is divided by 42.
1
Suppose 2*g + 0 + 4 = 0, 2*p = -2*g. Suppose -p*z + 116 = f, 10*z - 5*z + 3*f - 292 = 0. Let v = 0 - -29. Calculate the remainder when z is divided by v.
27
Let x(v) = -6*v + 43. Let s(h) = 2*h**3 - 14*h**2 + 19*h + 9. Let j be s(5). Let i = 86 + -52. Calculate the remainder when i is divided by x(j).
15
Suppose g = 3*g - 194. Calculate the remainder when g is divided by ((-51)/2)/(((-30)/6)/10).
46
Suppose 3*u - m = 6*u - 4, -5*m - 28 = -u. Suppose 0*x + u*h - 607 = -5*x, -2*h = 3*x - 365. Calculate the remainder when x is divided by 61.
58
Let y = 8370 + -6877. Calculate the remainder when y is divided by 125.
118
Suppose -3*h = f - 6*f - 59, f = 2*h - 30. Let k = h - -24. Let y = -26 + k. Calculate the remainder when 18 is divided by y.
7
Let m(l) = l**3 + 7*l**2 + 11*l + 4. Let b be -7*(-24)/56 + -6. Calculate the remainder when 47 is divided by m(b).
5
Let n = 204 + -18. Let w = 206 - n. What is the remainder when 138 is divided by w?
18
Let u(d) = -d**2 + 7*d + 20. Let p be u(9). Let m(t) = 4*t**2 + 0*t**2 - 10*t + 39 - 3*t**p + 0. What is the remainder when m(11) is divided by 14?
8
Let g be (-42)/3*(-6)/21. Let i be 1 - 57/(-21) - g/(-14). Calculate the remainder when 117 is divided by (-308)/(-12) - -5 - i/6.
27
Suppose 2*l = 0, -5*x + 6*x + 7*l - 5932 = 3*l. What is the remainder when x is divided by 129?
127
Suppose 2*b - 1287 = 291. Suppose 0 = -7*q - 70 + 301. What is the remainder when b is divided by q?
30
Suppose -57*k - 5564 = -17420. Calculate the remainder when k is divided by 71.
66
Let b(v) = -v**3 - 9*v**2 - 19*v - 38. Let t be b(-5). Let q(o) = 2*o**3 + 85*o**2 - 44*o - 4. What is the remainder when 212 is divided by q(t)?
17
Suppose 5*c - 341 = -h, -3*c - 4*h - 1 = -209. What is the remainder when 283 is divided by c?
11
Suppose l + 1083 = 4*t, t - 229*l + 225*l - 252 = 0. Calculate the remainder when t is divided by 4.
0
Suppose 20*w = -5*o + 19*w + 929, 0 = 5*w + 30. Let q = -49 + 96. What is the remainder when o is divided by q?
46
Let v(k) = 2*k - 17. Let h = 23 - 17. Let t be v(h). Calculate the remainder when -10*1*24/t is divided by 10.
8
Suppose -11*q = -7*q - 16. Suppose -q*k + 241 = -71. Suppose 6*x + 5*a = 3*x + 65, -5*a = -5. Calculate the remainder when k is divided by x.
18
Suppose 5*j = -4*r + 197, -j + 6 = 5*r - 277. Calculate the remainder when 1828 is divided by r.
30
Let l(d) = 3*d**2 + 13*d - 11. Let z be l(-6). Suppose h - 38 = -z. What is the remainder when (50/20)/((-3)/(-252)*3) is divided by h?
13
Let g(i) = -3*i**3 + 125*i**2 + 73*i + 210. What is the remainder when g(42) is divided by 498?
18
Suppose 0 = 4*j - 142 - 54. Let q(s) = 2*s**2 - 52*s - 58. Let z be q(27). What is the remainder when j is divided by 6 + z*(-11)/4?
15
Let h = 683 + -700. Calculate the remainder when 44 is divided by h/(-3*2/6) - -6.
21
Suppose 5797 + 93 = -20*t + 30*t. What is the remainder when t is divided by 37?
34
Suppose 147*u - 145*u = 1954. Let b = u + -768. Calculate the remainder when b is divided by 18.
11
Let p = -1407 + 2331. What is the remainder when p is divided by 16?
12
Suppose 0 = -138*z + 3473 + 6188 + 2621. What is the remainder when 2132 is divided by z?
85
Suppose -69*y = -75*y + f + 45519, 2*y + 5*f = 15189. What is the remainder when y is divided by 11?
8
Let m = 2269 - 2190. Suppose 100 = 4*n + n. What is the remainder when m is divided by n?
19
Suppose 15*g + 404 = l + 13*g, -2*g = 3*l - 1172. What is the remainder when l is divided by 40?
34
Let m(r) = 237*r - 1621. What is the remainder when 3340 is divided by m(7)?
34
Let k(o) = -62*o + 43*o - 1 + 21 + 1. Let g be k(-5). Suppose -5*a = 2*t - 226, t - 5*a - g = -18. What is the remainder when t is divided by 28?
24
Let g be (-2)/(-14) + (-250)/(-70)*-2. Let p = g + 65. Calculate the remainder when p is divided by 27.
4
Suppose -6*f - 27 = 57. What is the remainder when 70 is divided by (48/f)/(95/35 + -3)?
10
Let u = -126 + 82. Let z be 11/(-4) - (-11)/u. Let t = z + 15. Calculate the remainder when 79 is divided by t.
7
Let n = 45 + 20. Suppose n*j = 55*j + 160. What is the remainder when 110 is divided by j?
14
Suppose 997*d - 1000*d - 4045 = -r, 2*r + 4*d - 8070 = 0. Calculate the remainder when r is divided by 43.
40
Let v = 461 + -458. Suppose -92 = -4*t - 4*f, v*t + f = t + 50. Let b(n) = 11*n**3 - n**2 + n - 1. What is the remainder when t is divided by b(1)?
7
Let c(m) = m**2 + 39*m - 1312. Calculate the remainder when 11053 is divided by c(23).
109
Suppose -3*z + 16 = 2*z + 2*s, -5*z + 5*s = -30. Suppose 20*b + 159 - 279 = 0. What is the remainder when b is divided by z?
2
Suppose 4*l = 15*l + 3432. Let v = 336 + l. Calculate the remainder when 66 is divided by v.
18
Suppose 2*n - 138 = 90. Suppose -139 + n = -i. What is the remainder when i is divided by 5?
0
Suppose 3*y - 168 = 27. Let q(a) = a**2 + 73*a + 1240. What is the remainder when y is divided by q(-26)?
11
Let z = -5 - -12. Suppose 137*u - 4368 = 2482. What is the remainder when u is divided by z?
1
Let u = 2149 + -2132. Let n be (-12)/5*480/9. Let o = n + 211. What is the remainder when o is divided by u?
15
Suppose 0 = 4*q + 2*s - 34, -q + 8 = 2*s - 8. Suppose q = 5*t + 1. Calculate the remainder when (-24)/36 - 5/(-3) is divided by t.
0
Suppose 352 = 3*y + y. Calculate the remainder when y is divided by 1 - -18 - (2 + -6).
19
Let o = -87 + 88. Let x be -2*o/15 + (-924)/(-180). Suppose -x*w = -53 + 43. What is the remainder when 2 is divided by w?
0
Suppose -2*r + 2*q = -578, 196*q - 194*q = 0. What is the remainder when r is divided by 92?
13
Let i(l) = l**3 + 49*l**2 - 54*l + 354. Calculate the remainder when i(-50) is divided by 140.
134
Let d(p) = -8*p - 61. Let j(w) = -1. Let q(k) = -d(k) + 6*j(k). Suppose 3*c - 5*x - 52 = -x, -15 = -c - x. Calculate the remainder when q(c) is divided by 46.
45
Let b be (-2546)/95 - ((-4)/(-2))/10. What is the remainder when 129 is divided by (180/b + -2)*-3?
25
Suppose -4*g - 4734 = -3*c, 579*g = -5*c + 576*g + 7890. Calculate the remainder when c is divided by 79.
77
Suppose 2*s + 15*b = 20*b - 860, 3*b + 441 = -s. Let p = 438 + s. What is the remainder when 107 is divided by p?
2
Calculate the remainder when 157 is divided by (-1211)/(-56) - (-6)/32*2.
3
Suppose -q - q - 8 = 0, 68 = 4*x + 3*q. Calculate the remainder when ((-514)/4)/(4/(-8)) is divided by x.
17
Let k = -531 - -736. Suppose -3*z + 100 + k = 2*w, w - 4*z = 158. What is the remainder when w is divided by 31?
30
Let q = -196 + 183. Let g(i) = i**2 + 8*i - 50. What is the remainder when 58 is divided by g(q)?
13
Suppose -10*g = -13*g + 72. What is the remainder when (46 - (-1 + 2))/((-5)/(-15)) is divided by g?
15
Let t(w) = w**3 + 3*w**2 - 5*w - 8. Suppose -4*x - 10 - 6 = 0. Let q be t(x). What is the remainder when 4/q*(-2*37 - 2) is divided by 39?
37
Let x = -11 + 24. Let g = -235 - -393. Suppose -g + 6 = -2*d. Calculate the remainder when d is divided by x.
11
Suppose 5*q - 98 = -3*y, 0 = -2*q + 2*y + y + 35. Let i(j) = 40*j**2 - 136*j - 41. Calculate the remainder when i(7) is divided by q.
17
Let n(o) be the second derivative of -o**4/12 - 7*o**3/2 + o**2/2 - 36*o. Let m be n(-15). Suppose 103 = v + m. Calculate the remainder when 46 is divided by v.
10
Let t be 329/(-49) - (-6)/(-21). Let m(g) = -g**2 - 5*g - 6. Let j be m(-4). What is the remainder when 46 is divided by (t + 3/1)*1*j?
6
Let w(h) = 42*h + 2. Let o(r) = -2554*r + 235011. What is the remainder when w(2) is divided by o(92)?
0
Calculate the remainder when 154 is divided by (7 + (-64)/10)*10 - (-96 + 3).
55
Let w = -2265 - -2416. Calculate the remainder when 898 is divided by w.
143
Let q be ((-26)/(-39))/(2/(-396)). Let p = -115 - q